100
Convert -44329 (base 14) to base 8.
-502621
Convert -100312100 (base 5) to base 14.
-a615a
What is -101729a (base 12) in base 10?
-3019222
What is -4203541 (base 6) in base 12?
-995b1
What is -1111220302 (base 4) in base 14?
-91b90
Convert 35538 (base 13) to base 15.
1dd90
5f7a (base 16) to base 6
305054
What is -27b98 (base 15) in base 8?
-371005
-8a37 (base 16) to base 7
-205105
What is -10102021001222 (base 3) in base 4?
-12323112320
What is -93164a (base 11) in base 12?
-601545
Convert -202655043 (base 7) to base 14.
-1813393
Convert 353445331 (base 6) to base 2.
11001001111001110110111
Convert -43a740 (base 11) to base 9.
-1280364
Convert 355124 (base 7) to base 11.
44271
Convert -1089a (base 12) to base 13.
-a02a
-5095c (base 14) to base 5
-22201201
What is 10099 (base 12) in base 9?
31540
Convert 2330220031 (base 4) to base 16.
bca0d
220100210002 (base 3) to base 11
2a82aa
Convert -2810 (base 12) to base 15.
-1580
What is 11012210121 (base 3) in base 11?
57369
Convert 223130313 (base 4) to base 7.
1340610
-2121110121211 (base 3) to base 9
-2543554
Convert 20330201002 (base 4) to base 10.
2345026
Convert -157961 (base 13) to base 14.
-db781
11c81 (base 15) to base 14
169c9
20046061 (base 7) to base 15
22b761
2dcd1 (base 14) to base 7
656251
What is -33273 (base 14) in base 6?
-2353541
-100012111122022 (base 3) to base 2
-10010101010001011000000
Convert 28428 (base 11) to base 14.
10a4c
Convert -553000005 (base 6) to base 14.
-14698a1
What is 30a8c7b (base 13) in base 7?
236451060
What is -82d45 (base 15) in base 12?
-180018
-37aa6 (base 12) to base 11
-52003
17422a (base 16) to base 6
52400442
What is -3cb6 (base 16) in base 10?
-15542
Convert -10001110001111101001 (base 2) to base 13.
-17526c
5b9a62 (base 12) to base 16
16b9aa
Convert -149241 (base 13) to base 3.
-221200200200
What is -116000 (base 10) in base 14?
-303ba
-1184806 (base 11) to base 2
-111110101111101100110
What is -15301121 (base 8) in base 14?
-673d97
What is -509091 (base 11) in base 6?
-25303542
What is 81f9c (base 16) in base 6?
15224420
10666545 (base 7) to base 13
26c4a5
-1036502 (base 7) to base 3
-20110102112
Convert 2b8d9d (base 14) to base 5.
342212423
-2617076 (base 11) to base 10
-4533469
Convert -14058 (base 12) to base 16.
-6c44
What is -18464 (base 12) in base 4?
-20212030
11323332 (base 5) to base 12
5080a
Convert 5400233 (base 8) to base 12.
596563
-117512 (base 9) to base 5
-4234004
9db07 (base 16) to base 11
4012a8
What is 212021122222010 (base 3) in base 16?
bcd006
Convert -15363118 (base 10) to base 15.
-153707d
-315350 (base 7) to base 14
-15d27
Convert 1011011011011010 (base 2) to base 9.
71181
What is -10001201201211 (base 3) in base 10?
-1628392
1525131 (base 7) to base 16
32d90
-111011111110010100101101 (base 2) to base 9
-32522186
What is 401e6 (base 16) in base 14?
6b9d4
Convert -1409 (base 14) to base 5.
-103122
-146216 (base 8) to base 16
-cc8e
969879 (base 14) to base 10
5097283
-59971 (base 11) to base 6
-1503435
What is 212233032 (base 4) in base 13?
572b5
Convert 243266 (base 8) to base 16.
146b6
Convert 3c7bd (base 14) to base 7.
1162326
-13ca17 (base 16) to base 3
-2102220001001
Convert 52948 (base 14) to base 10.
199396
Convert 12141303 (base 8) to base 6.
133131043
What is -396ba9a (base 12) in base 10?
-11342422
What is 17333216 (base 8) in base 16?
3db68e
-9426223 (base 10) to base 14
-13752d9
Convert -66356 (base 15) to base 3.
-121111111000
-781152 (base 11) to base 6
-42412254
What is 122000220211021 (base 3) in base 2?
100010100010000110110010
What is -12222211201 (base 3) in base 13?
-41917
What is -79573 (base 10) in base 9?
-131134
2313403 (base 5) to base 12
20194
What is 264a74 (base 16) in base 7?
30221055
-3841411 (base 10) to base 12
-1353057
340422324 (base 5) to base 12
603200
4304013 (base 5) to base 13
26c3c
Convert -1542123 (base 6) to base 13.
-32688
-6ddc06 (base 16) to base 5
-3320343000
What is -564dd (base 15) in base 13?
-97c21
Convert -2015526 (base 8) to base 4.
-2001231112
Convert -39f0c (base 16) to base 4.
-321330030
Convert 9515199 (base 10) to base 5.
4413441244
Convert -1100000101001111110110 (base 2) to base 15.
-428682
Convert -40424 (base 5) to base 9.
-3524
-2633620 (base 7) to base 9
-574727
Convert -300155 (base 6) to base 7.
-125135
What is -3105 (base 16) in base 6?
-134033
-54625b (base 13) to base 6
-110310333
Convert -2598b (base 15) to base 11.
-82407
127470 (base 10) to base 4
133013232
101011011101111001100000 (base 2) to base 7
165565400
Convert -8216 (base 12) to base 14.
-5214
-3004941 (base 10) to base 15
-3e5546
Convert -12132214 (base 7) to base 2.
-100001000100011111110
Convert -1122201021 (base 3) to base 13.
-11ab5
Convert 5279c (base 14) to base 9.
333067
What is 578044 (base 11) in base 12?
383606
Convert 132331 (base 4) to base 6.
13101
Convert 6013621 (base 8) to base 6.
53501413
Convert 60224 (base 10) to base 8.
165500
Convert -21342402 (base 7) to base 8.
-6755554
What is 676537 (base 9) in base 5?
100430114
Convert -211002111021 (base 3) to base 7.
-3460522
Convert 221233310123 (base 4) to base 10.
10943771
7733732 (base 8) to base 7
23445204
Convert -441525022 (base 6) to base 12.
-27a3772
What is 10010101011111010011101 (base 2) in base 3?
100012212102111
What is -42451523 (base 6) in base 8?
-4613353
What is 321123121 (base 4) in base 12?
b4161
What is -1512540 (base 6) in base 3?
-11102222120
What is -22102010000 (base 3) in base 13?
-5a489
-13882a (base 11) to base 12
-a543a
-222120011211 (base 3) to base 13
-153c82
Convert 3440240201 (base 5) to base 8.
35423310
What is -12a651 (base 11) in base 8?
-617211
-3000110 (base 6) to base 13
-4b960
-212110325 (base 7) to base 6
-1130121305
What is b5ce61 (base 15) in base 11?
4978959
16158a6 (base 11) to base 6
135054531
36457 (base 9) to base 16
5f71
-2d14a6 (base 15) to base 9
-4084163
What is 20120202011 (base 3) in base 11?
89398
-552de6 (base 15) to base 10
-4059891
What is -7909a (base 13) in base 9?
-364482
c96d9 (base 15) to base 13
19507b
-a9601 (base 14) to base 12
-179355
1374 (base 14) to base 16
d6a
Convert -252232 (base 8) to base 2.
-10101010010011010
What is -3998a (base 12) in base 6?
-1410254
What is -12100111122 (base 3) in base 12?
-50b68
310271 (base 9) to base 15
39774
What is -50645 (base 8) in base 4?
-11012211
Convert -12010212022 (base 3) to base 4.
-120231233
What is -b832 (base 13) in base 14?
-945a
Convert 110113313 (base 5) to base 11.
2a3382
101110110001001011 (base 2) to base 7
1425331
Convert -1240141 (base 7) to base 13.
-58345
b702 (base 13) to base 7
133625
What is -101233332001 (base 4) in base 16?
-46ff81
What is 2130100 (base 6) in base 9?
170040
Convert 12a537 (base 12) to base 2.
1001011010001111011
8331086 (base 9) to base 10
4449165
Convert -100333011 (base 4) to base 2.
-10000111111000101
What is -423654 (base 13) in base 15?
-2093b3
Convert 5111215 (base 6) to base 4.
323033123
7809448 (base 10) to base 14
107401a
What is -3430b (base 15) in base 6?
-3320445
Convert 102010000000 (base 3) to base 9.
363000
-1c693 (base 13) to base 4
-31223323
3404041310 (base 5) to base 2
11100100011111001101000
-2a6e2 (base 15) to base 2
-100001010101110010
Convert -7ec92b (base 15) to base 9.
-12366245
Convert -1011543 (base 6) to base 12.
-23bb3
What is 74698 (base 11) in base 16?
1a864
What is 3232321 (base 4) in base 16?
3bb9
Convert 3201242 (base 7) to base 10.
387032
Convert -352618 (base 13) to base 12.
-50a481
What is 27307631 (base 8) in base 4?
113120332121
Convert 11101101101010010 (base 2) to base 5.
12343212
6603b3 (base 16) to base 12
22a4bab
Convert 254412 (base 9) to base 14.
40270
What is -429691 (base 11) in base 10?
-686291
23301204 (base 5) to base 10
212679
Convert 2030003101 (base 4) to base 7.
4606306
-2091082 (base 10) to base 13
-582a36
2139982 (base 10) to base 9
4021447
What is -b70533 (base 12) in base 15?
-3be393
-3abab8 (base 12) to base 5
-222140234
Convert -15253551 (base 7) to base 10.
-1458717
Convert 3db587 (base 14) to base 16.
20b7a3
Convert 302542341 (base 6) to base 14.
98a829
What is -201201120021020 (base 3) in base 10?
-10482486
What is 1c478 (base 16) in base 13?
40952
What is 20c52 (base 15) in base 11?
71180
Convert 111011011100011010 (base 